 when k is divided by 3?
2
Suppose w - 41 - 7 = -5*r, 0 = -2*w - r + 51. Suppose s - 41 - w = 0. What is the remainder when s is divided by 22?
20
Let a(m) = 2*m**2 + 3*m + 5. Calculate the remainder when a(-6) is divided by 12.
11
Suppose -5*z + 2*n - 5 = 4, 5*n + 15 = 0. Suppose -x + 4*x = 21. What is the remainder when (z/9)/(2/(-114)) is divided by x?
5
Suppose 2*p - 160 = -3*b - 3*p, 0 = 3*b - 2*p - 167. Suppose 2*l - 7*l + b = 0. What is the remainder when 20 is divided by l?
9
Let l = -18 + 24. Calculate the remainder when 27 is divided by l.
3
Let n(j) = -j**2 + 13*j + 12. What is the remainder when n(10) is divided by 5?
2
Let q = 3 - -1. Suppose 0*m - a = -4*m + 191, q*a = -m + 52. Let t(d) = -16*d**3 + 2*d + 3. What is the remainder when m is divided by t(-1)?
14
Suppose -2*l = -0*l + 36. What is the remainder when 23 is divided by (-9)/(l/20) + 2?
11
Let j be (27/36)/(1/4). Suppose 0 = 2*u + 3*u - 25, j*z - 4*u = 13. What is the remainder when 43 is divided by z?
10
Let v(c) = 5*c**2 + 16*c - 2. What is the remainder when 83 is divided by v(-4)?
13
Let w = 157 + -143. Calculate the remainder when 16 is divided by w.
2
Let v = -12 + 14. Suppose k + 3*n = 26, k = -3*k + v*n + 62. What is the remainder when 30 is divided by k?
13
Let v = 13 + -19. What is the remainder when (21/v)/1*-6 is divided by 8?
5
Suppose 3*k = 4*z - 5, 4*z = z - 5*k + 11. Calculate the remainder when 24/(-1 - -5) + 2 is divided by (-2 - -2) + 1 + z.
2
Let h(r) = 2*r + 37. What is the remainder when h(0) is divided by 13?
11
Suppose -h - 10 - 11 = 0. Let n = -11 - h. What is the remainder when 39 is divided by n?
9
Suppose -5*s + 5*d = -105, -24 = -s + 4*d - 6. Calculate the remainder when 173 is divided by s.
19
Suppose 6*v - v - 10 = 0. Let c be (4 - 2)*(-14)/(-4). Suppose q + 9 = -3*y, c = 4*q - 7*q - 5*y. What is the remainder when q is divided by v?
0
Suppose -3*v + 3*r + 21 = r, -3*v + 3*r + 24 = 0. Calculate the remainder when 9 is divided by v.
4
Suppose -f - 168 = -5*f. Suppose -33 = -5*x - 3*w + 37, -3*x + w + f = 0. Suppose -14 = -3*d + 64. What is the remainder when d is divided by x?
12
Suppose -4*z + 3*v - 280 = 0, -z + 0*v = v + 63. Let b = -48 - z. Calculate the remainder when b is divided by ((-2)/(-2))/(2/10).
4
Suppose -134 = -3*x - d, -3*d + d = x - 48. Calculate the remainder when x is divided by 12.
8
Let p(b) = -b**3 + 6*b**2 - 2*b - 3. Let f be p(5). Let k(n) = -n**3. Calculate the remainder when k(-1) is divided by (-3)/f - 10/(-8).
0
Let i = -9 + 33. What is the remainder when 45 is divided by i?
21
Let k = 4 - -6. What is the remainder when 39 is divided by k?
9
Let t be (66/5)/(4/10). Suppose -2*w - w = -t. What is the remainder when w is divided by 1*5*1 + 1?
5
Suppose 2*d + 5*u = 3*u + 16, -d + 5*u + 8 = 0. Calculate the remainder when 13 is divided by d.
5
Let p = -3 + 6. Suppose -5*l + p + 7 = 0. Calculate the remainder when (l + (-1 - 2))*-2 is divided by 2.
0
Let w = 23 - -70. Calculate the remainder when w is divided by 16.
13
Suppose 2*c = 9*c - 182. Calculate the remainder when c is divided by 10.
6
Let z(b) be the first derivative of -27*b**4/4 + b**2 + b - 3. What is the remainder when z(-1) is divided by 7?
5
Suppose l + 0*l = 3. Suppose -6 - l = -t. Let w(s) = 5*s**2 + 5*s + 6. Calculate the remainder when w(-2) is divided by t.
7
Let j(b) = -b**3 - 2*b**2 + 27. Calculate the remainder when 47 is divided by j(0).
20
Suppose -5*f = -2*f - 5*w + 12, -2*f = -w + 1. Let k be ((-11)/(-2))/(f/(-2)). Let r = k - -20. What is the remainder when r is divided by 5?
4
What is the remainder when 71 is divided by ((-36)/16)/((-1)/4)?
8
Let r = 9 - -3. What is the remainder when 33 is divided by r?
9
Let x(a) be the second derivative of -a**5/10 - 2*a**4/3 - 5*a**3/6 - 7*a**2/2 - a. Let b be x(-5). What is the remainder when 49 is divided by b/6*6/4?
15
Suppose 3*b + b = 16. Suppose -15 = 3*p, -5 = d + 5*p - 0. Suppose -b*w = 4 - d. What is the remainder when 10 is divided by w?
2
What is the remainder when 67*5/25*5 is divided by 23?
21
Suppose -3*h = 3*k - 21, -3*k + 8*k = -h - 13. What is the remainder when h is divided by 7?
5
Let v = -4 - -8. Suppose v*u - y = 31, 17 = -0*u + 3*u - 2*y. Calculate the remainder when u is divided by 3.
0
Let t(g) = -32*g - 32. Calculate the remainder when t(-3) is divided by 17.
13
Let k = -17 - -26. Calculate the remainder when k is divided by 6.
3
Let v be ((-16)/(-10))/(1/5). Suppose 0 = i + i - v. Suppose i*o - 21 = o. What is the remainder when 12 is divided by o?
5
Let l be 1 - (12/2 + -2). Let r be (-2)/2*(-26 - l). Suppose 0 = -4*c + 61 + r. What is the remainder when 40 is divided by c?
19
Let f = 39 - -14. Let t = f - 32. What is the remainder when 40 is divided by t?
19
Suppose -5*m + 81 + 68 = -3*q, -59 = -2*m + q. Calculate the remainder when 82 is divided by m.
26
Let x = -1 - -3. Let c = 1 + x. Suppose -c*i = 2*i - 125. What is the remainder when i is divided by 7?
4
Let g = 18 - 8. Let d = 27 + 2. What is the remainder when d is divided by g?
9
Let b = 4 + -2. Let h be 418/6 + (-2)/3. Suppose -b = -2*c, 2*v + c = 4*v - h. Calculate the remainder when v is divided by 12.
11
Suppose -4*t - t = -45. What is the remainder when t is divided by 10/(-6)*(-1 - 2)?
4
Let d(s) = -4*s - 31. What is the remainder when d(-11) is divided by 7?
6
Suppose -4 = 2*h, -3*d - 10 = -4*d - 3*h. Calculate the remainder when 29 is divided by d.
13
Suppose 5*j + 25 = -2*b, -2*j + 3*j = 4*b + 17. Calculate the remainder when (-3)/j*-3 - -14 is divided by 4.
3
Let r be -2 - -4 - -1*6. Suppose -r = -3*a - a. Suppose -5 = -a*i + i, -3*y = -i - 13. What is the remainder when 17 is divided by y?
5
Let p be -238*(5/(-2) - -2). Let o = 175 - p. Let j(z) = -z**2 + 11*z - 9. What is the remainder when o is divided by j(7)?
18
Let m(c) = c**2 + 11*c + 15. Calculate the remainder when 8 is divided by m(-10).
3
What is the remainder when ((-4)/(20/(-15)))/(3/39) is divided by 15?
9
Suppose -4*s - 120 = -10*s. What is the remainder when 37 is divided by s?
17
Let m = -45 + 64. Calculate the remainder when 50 is divided by m.
12
Let d be 18/12 - 9/2. Let h be 3/6*d*-2. Suppose 78 = h*q - 3*r, -50 - 22 = -2*q - 2*r. What is the remainder when q is divided by 16?
15
Let m = 18 - 6. Suppose -3 = -2*t + 1. Let n = m + t. What is the remainder when 26 is divided by n?
12
Suppose 0 = -q - 3*i - 2*i + 36, 4*q = -2*i + 162. Calculate the remainder when q is divided by 14.
13
Let f(n) be the second derivative of -n**5/20 - n**4/4 - n**2 + n. Let g(o) = 4*o + 6. What is the remainder when g(5) is divided by f(-4)?
12
What is the remainder when 4/(-20) + 432/10 is divided by 22?
21
Let x(c) = -c**2 + 9*c - 14. Calculate the remainder when 9 is divided by x(5).
3
Let o(w) = -w**2 - 13*w + 17. What is the remainder when o(-9) is divided by 7?
4
Let a = 17 + 11. What is the remainder when a is divided by 10?
8
Let h = -15 + 21. Suppose 2*l = 56 - h. Suppose -k + 10 = 1. Calculate the remainder when l is divided by k.
7
Let a(n) = n**2 - 5*n + 3. Let i(y) = 5*y**2 + 1. Let h be i(-1). Let b be a(h). Suppose -l = -0*l - b. Calculate the remainder when 17 is divided by l.
8
Let c = 252 - 148. Suppose -r = 3*m - 3*r - 88, -3*m + c = 2*r. Let l = 5 + 6. What is the remainder when m is divided by l?
10
Let z = -22 - -34. Let q = -227 - -261. Calculate the remainder when q is divided by z.
10
Suppose 0*h + 3*h - 9 = 0, -h + 7 = s. What is the remainder when 14 + (2 - 0)/2 is divided by s?
3
What is the remainder when 35 is divided by ((-78)/(-91))/(-1 - 30/(-28))?
11
Let d = 29 + -26. What is the remainder when 11 is divided by d?
2
Suppose 3*a = -a - 24. Let x(i) = -5*i + 2. What is the remainder when (-4 - a) + 1 + 32 is divided by x(-2)?
11
Let i = 7 + -5. Suppose -2*a = i*a - 176. Let u(f) = 2*f + 37. What is the remainder when a is divided by u(-11)?
14
Let a(y) = y**3 + 5*y**2 - y - 4. Let f be a(-4). Suppose 3*v + q = 42, 2*v + q - f = 12. Calculate the remainder when v is divided by 8.
6
Let p(d) = -d**3 + d + 4. Suppose -5*x - 25 = 0, -4*w - 15 = -x + 4*x. Calculate the remainder when 5 is divided by p(w).
1
Let d be (2 - 24/9)*-51. Let f = d + 0. Calculate the remainder when f is divided by (72/20)/((-2)/(-10)).
16
Let s(t) = -